t i(x) = -x**2 - 36*x + 555. Give i(13).
-82
Let x(a) = -1497*a + 272222. Give x(182).
-232
Let d(a) = -2*a**2 + 96*a - 796. Give d(19).
306
Let r(d) = 23*d**2 - 217*d - 962. What is r(-4)?
274
Let a(x) = -39645*x + 4321310. Determine a(109).
5
Let c(h) = 5010*h + 56991. Calculate c(-11).
1881
Let a(k) = -12*k**3 - 3182*k**2 - 530*k - 81. What is a(-265)?
-81
Let j(f) = 1463982*f + 54167343. Determine j(-37).
9
Let b(z) = 21*z**3 - 29*z**2 + 36*z - 68. Calculate b(2).
56
Let a(q) = 2*q**3 - 12*q**2 - 2167*q - 217. What is a(-30)?
-7
Let i(k) = 20092*k - 40104. What is i(2)?
80
Let j(h) = h**3 - 959*h**2 + 42862*h + 1820. What is j(912)?
-4
Let w(q) = -26*q**2 + 29*q - 68. Give w(4).
-368
Let c(l) = 4*l**2 - 179*l + 947. Determine c(41).
332
Let b(c) = 2207*c - 52927. What is b(24)?
41
Let i(h) = -h**3 - 52*h**2 - 164*h - 866. Calculate i(-49).
-33
Let b(p) = -6897*p**2 + 200013*p - 4. Give b(29).
-4
Let p(y) = -877*y - 97467. Determine p(-112).
757
Let y(h) = 77*h**2 + 135*h + 79. What is y(-2)?
117
Let a(y) = -160*y - 2783. What is a(-18)?
97
Let b(q) = -24*q**2 + 321*q - 98. Give b(14).
-308
Let b(r) = 5*r**3 + 315*r**2 - 10*r - 636. Determine b(-63).
-6
Let y(z) = -z**3 - 4*z**2 + 60*z - 46. Give y(4).
66
Let v(f) = 287217*f + 4595501. What is v(-16)?
29
Let k(m) = -2*m**3 - 603*m**2 + 325*m + 7281. What is k(-302)?
335
Let h(q) = -519675*q - 3118068. Determine h(-6).
-18
Let k(g) = -g**3 - 60*g**2 - 877*g + 373. What is k(-32)?
-235
Let v(z) = z**3 - 35*z**2 - 119*z - 5125. Calculate v(41).
82
Let c(u) = -u**3 + 436*u**2 - 45672*u - 786. Calculate c(261).
-3
Let k(u) = -28003*u - 11201195. Determine k(-400).
5
Let w(s) = -3*s**2 - 7024*s - 28041. Give w(-4).
7
Let h(y) = 467*y - 59173. Calculate h(127).
136
Let f(k) = -16*k**3 - 4847*k**2 + 307*k + 1075. Determine f(-303).
-137
Let m(j) = 11*j**2 - 436*j + 107. Determine m(41).
722
Let l(i) = 173*i - 1475. Calculate l(-1).
-1648
Let h(m) = -2*m**2 - 381*m - 9468. Determine h(-25).
-1193
Let y(j) = -3571*j + 917718. What is y(257)?
-29
Let u(p) = -p**3 + 333*p**2 - 1954*p - 2607. Give u(327).
9
Let l(a) = -11*a**2 + 38*a + 1939. Calculate l(0).
1939
Let x(j) = 4*j**3 - 38*j**2 + 10*j - 54. What is x(12)?
1506
Let v(b) = -230*b + 10366. What is v(45)?
16
Let u(w) = 1956*w**2 - 41*w - 38. What is u(-1)?
1959
Let z(t) = -2*t**3 - 32*t**2 + 475*t - 8. Calculate z(-26).
1162
Let s(z) = -11*z**2 + 492*z + 494. What is s(-1)?
-9
Let s(j) = 2*j**3 - 72*j**2 + 189*j - 1797. Determine s(34).
5
Let l(c) = 1433*c - 852734. Calculate l(595).
-99
Let c(w) = -757*w - 294. Calculate c(1).
-1051
Let m(q) = -2181*q + 377333. Determine m(173).
20
Let j(d) = -1704499*d + 39203481. What is j(23)?
4
Let l(v) = -2471*v - 66822. Calculate l(-27).
-105
Let f(s) = 9*s**3 - 5*s**2 + 3862*s + 7756. Determine f(-2).
-60
Let h(b) = -9*b**2 + 7596*b - 7596. Calculate h(1).
-9
Let t(z) = -z**3 + 42*z**2 - 278*z + 227. Give t(33).
854
Let l(t) = -2*t**2 + 676*t - 35076. Give l(274).
-4
Let b(n) = -417*n - 11800. Give b(-29).
293
Let f(x) = 88436*x - 442152. Determine f(5).
28
Let l(m) = -m**3 - 4*m**2 + 4490*m + 380. Calculate l(-69).
35
Let n(z) = 123073*z + 369224. Calculate n(-3).
5
Let i(q) = -q**3 + 149*q**2 - 1785*q + 20. Calculate i(16).
5508
Let p(q) = -3*q**3 - 11*q**2 + 39*q - 346. Calculate p(8).
-2274
Let v(o) = 158*o**2 - 32553*o + 1024. Give v(206).
-6
Let g(n) = -243*n + 33984. What is g(140)?
-36
Let x(c) = 685*c + 13001. Give x(-18).
671
Let d(i) = -160*i**2 - 21442*i - 239. Determine d(-134).
29
Let m(f) = -f**3 - 2744*f**2 - 3079*f + 6594515. Give m(-2742).
5
Let l(w) = w**2 + 96038*w + 7772481. What is l(-81)?
-36
Let p(x) = -2*x**3 - 55*x**2 - 212*x - 75. Determine p(-23).
40
Let i(d) = -52*d**2 - 4749*d - 1474. Calculate i(-91).
73
Let v(s) = -15*s**2 - 2460*s - 23112. Determine v(-10).
-12
Let r(l) = l**2 + 7*l - 57. Give r(5).
3
Let t(f) = -6*f**3 + 211*f**2 + 186*f - 234. What is t(36)?
-18
Let n(v) = 22*v + 4529. Give n(-247).
-905
Let n(w) = -2*w**3 - 23*w**2 - 107*w - 1353. Calculate n(-12).
75
Let c(m) = m**2 + 327*m + 10209. What is c(-35)?
-11
Let w(q) = q**3 + 545*q**2 + 3176*q - 30455. Calculate w(-539).
807
Let m(r) = 19664*r + 216254. What is m(-11)?
-50
Let w(r) = r**3 + 271*r**2 - 3680*r + 2825. Determine w(-284).
-583
Let k(u) = -4918*u - 88520. Give k(-18).
4
Let m(x) = -112507*x + 2250191. Determine m(20).
51
Let j(k) = 12*k**3 + 1544*k**2 + 23908*k + 77. Determine j(-18).
5
Let x(t) = 1382*t**2 - 11051*t - 74. Give x(8).
-34
Let w(a) = -8*a**2 - 607*a + 1942. Determine w(-79).
-33
Let v(z) = -z**3 + 326*z**2 - 972*z + 952. Determine v(323).
-17
Let l(g) = 3924*g + 1632376. Determine l(-416).
-8
Let p(h) = 56*h - 7616. Give p(131).
-280
Let a(w) = -177*w**2 + 3617*w - 184. Calculate a(20).
1356
Let j(x) = -2*x + 213. Calculate j(194).
-175
Let u(z) = -54468*z + 103489193. Give u(1900).
-7
Let h(b) = 109*b**2 + 4030*b - 116. Calculate h(-37).
-5
Let g(m) = 2748*m - 57709. What is g(21)?
-1
Let m(g) = -g**2 - 43032*g - 2363736. What is m(-55)?
-1
Let x(f) = 5*f**3 + 622*f**2 + 973*f + 89911. Determine x(-124).
11
Let b(o) = o**3 - 20*o**2 + 144*o - 1655. What is b(17)?
-74
Let i(y) = 6*y**3 + 986*y**2 + 944*y + 101039. What is i(-164)?
15
Let w(s) = 6*s**2 + 1923*s - 16765. Determine w(-329).
14
Let f(d) = 2*d**2 - 144*d - 4488. Calculate f(-22).
-352
Let d(f) = -187721*f + 938591. Give d(5).
-14
Let n(z) = 29198*z - 525559. Determine n(18).
5
Let q(p) = 244*p**3 + p**2 + 37*p - 78. Give q(2).
1952
Let j(o) = 8160*o + 497766. Give j(-61).
6
Let m(p) = -2042*p - 47567. Determine m(-23).
-601
Let r(q) = -56380*q + 5017813. Determine r(89).
-7
Let u(y) = -3*y**3 - 90*y**2 - 41*y - 255. Give u(-29).
-1589
Let c(o) = -12874*o + 167377. Determine c(13).
15
Let x(d) = 2242*d + 6824. Give x(-3).
98
Let n(l) = 1074*l - 3531. Give n(4).
765
Let p(c) = -21*c**2 + 870*c + 548. Calculate p(42).
44
Let o(r) = 2*r**3 - 166*r**2 - 23240*r + 631. Calculate o(157).
3
Let r(i) = 2*i**3 - 343*i**2 - 198*i + 4888. Determine r(172).
416
Let k(z) = -272*z**2 - 245*z + 243. Calculate k(1).
-274
Let a(l) = -220*l + 30393. Determine a(129).
2013
Let l(b) = b**2 - 2993*b + 50583. Calculate l(17).
-9
Let o(v) = -12*v**3 - 242*v**2 + 234*v + 5484. Determine o(-20).
4
Let h(w) = 6*w**3 + 173*w + 822. Calculate h(-5).
-793
Let j(r) = 1173*r**2 + 121991*r - 34. What is j(-104)?
70
Let u(j) = 12*j**2 + 312*j - 3554. What is u(10)?
766
Let n(k) = -1032*k - 620249. Determine n(-601).
-17
Let k(t) = 1755*t + 20738. Give k(-12).
-322
Let k(l) = -5*l**2 - 12*l + 6479. Determine k(35).
-66
Let z(s) = 109*s - 10975. What is z(91)?
-1056
Let d(z) = 6*z**3 + 6330*z**2 - 15*z - 15834. Give d(-1055).
-9
Let u(r) = 5*r**3 - 6*r**2 + 976*r - 3862. Calculate u(4).
266
Let n(g) = 2*g**3 + 17*g**2 + 205*g + 1074. What is n(-6)?
24
Let g(o) = o**3 + 1639*o**2 + 4819*o + 7898363. What is g(-1639)?
22
Let h(k) = -10489*k - 408872. Determine h(-39).
199
Let c(i) = 179*i - 2196. Determine c(20).
1384
Let w(z) = z**3 - 6*z**2 - 261*z + 542. Determine w(2).
4
Let a(s) = -2205*s + 58388. Determine a(26).
1058
Let q(k) = 255868*k + 8443646. Give q(-33).
2
Let q(r) = -r**3 + 37*r**2 - 378*r + 4196. Give q(29).
-38
Let v(i) = 4*i**2 + 67507*i - 270050. What is v(4)?
42
Let n(p) = p**3 - 146*p**2 + 147*p - 370. Calculate n(145).
-80
Let h(d) = -d**3 + 31*d**2 + 30*d + 39. Determine h(30).
1839
Let y(a) = 57862*a - 115726. Determine y(2).
-2
Let k(b) = -173*b**2 - 4889*b - 1253. Determine k(-28).
7
Let c(h) = h**2 + 721*h - 181961. Determine c(-919).
1
Let k(g) = -4*g**3 + 42*g**2 + 59*g + 16. What is k(-1)?
3
Let f(k) = -37491*k**2 - 74980*k + 9. Give f(-2).
5
Let p(t) = -t**3 + 20*t**2 + 97*t - 1615. Determine p(9).
149
Let n(g) = 7560*g - 68572. What is n(9)?
-532
Let q(w) = 1956*w - 12940. What is q(7)?
752
Let a(w) = -3468*w - 27761. What is a(-8)?
-17
Let g(r) = -r**3 + 118*r**2 - 1277*r + 527. Calculate g(106).
-3
Let u(o) = 610*o**2 - 1326*o + 1326. Calculate u(1).
610
Let f(t) = -t**3 - 198*t**2 - 1918*t - 7042. Determine f(-188).
102
Let v(p) = -301*p**2 + 56*p + 51. What is v(-1)?
-306
Let l(z) = -796441*z - 15928830. Give l(-20).
-10
Let c(l) = -13*l**2 - 808*l + 6298. Give c(7).
5
Let s(c) = -20*c**3 - 14*c**2 + 22*c - 10. Deter